 = s**2 + s. Let m be u(-2). Let o be 36/(-2) - (m - 5). Let l = 30 + o. What is the units digit of l?
5
Let f(d) = -d**2 + 5*d - 2. Let t be f(3). Suppose 88 = -0*v + t*v. What is the units digit of v + -2*2 + 1?
9
Suppose -77 = 5*f + 73. Let u be (f/(-9))/(6/27). Let a = u - 12. What is the units digit of a?
3
Let j(n) = -8*n - 5. Let l = -32 + 30. What is the tens digit of j(l)?
1
Let b(u) = 11*u + 25. Let m be 2*-4*2/(8/(-4)). What is the units digit of b(m)?
3
Let y = 23 - 13. Suppose 1049 = -y*x + 2689. What is the tens digit of x?
6
Suppose 0 = -3*c + 4*i + 3461, 79 - 5878 = -5*c - i. What is the units digit of c?
9
Let z = 235 - 166. What is the units digit of z?
9
Suppose -84*v = -8722 - 6566. What is the units digit of v?
2
Let f(i) be the first derivative of i**4/4 + 8*i**3/3 + 3*i**2/2 - 10*i + 15. Let h(r) = -5*r + 3. Let n be h(2). What is the units digit of f(n)?
8
Suppose -a = -3*q, -1 + 8 = q + 2*a. Let l be ((1 - 1)/q)/(-2). Suppose 4*w - 66 - 14 = l. What is the units digit of w?
0
Suppose -2*u + 1655 = 3*u. Let d = u - 191. What is the units digit of d?
0
Let j(y) = y**3 - 10*y**2 - 9*y - 10. Let u be j(11). Suppose -u*x + 45 = -9*x. What is the units digit of x?
5
Let h = 474 + -445. Suppose 102 = 4*x + 2*s, 0 = -3*x - 0*s - 3*s + 78. Suppose -o + x = -h. What is the tens digit of o?
5
Let h(w) = -44 + 19 - 4 + 2*w. What is the tens digit of h(20)?
1
Suppose -776 = -7*b + 7309. What is the tens digit of b?
5
Let c = -9 - -14. Suppose -5*f + 33 = 2*p, -3*f - 53 = p - c*p. Suppose -p*g = -10*g - 168. What is the tens digit of g?
4
What is the hundreds digit of 2481 - (-11 + 12)/(2/(-6))?
4
Suppose -2*m + 2*l - 81 + 545 = 0, 3*l = 2*m - 467. What is the tens digit of m?
2
Suppose -23*r + 20*r + 795 = 0. What is the tens digit of r?
6
Let m = -298 + 514. What is the hundreds digit of m?
2
Let v(d) be the first derivative of -3*d**2/2 + 19*d - 5. What is the tens digit of v(-14)?
6
What is the thousands digit of 17/(170/8) + (-13671)/(-5)?
2
Let p(i) = -i**2 + 4*i + 887. What is the hundreds digit of p(0)?
8
Suppose -12*j = -7230 - 9882. What is the thousands digit of j?
1
Let h = 17 + -14. What is the tens digit of (h/2)/((-16)/(-480))?
4
Suppose -5*j - h + 17 = -0*h, j + 3*h = 9. Suppose j*y - 72 - 6 = 0. What is the units digit of y/((-2 - -3)/1)?
6
Let q = -33 - -23. Let z be q + (-2 - -2)/(-3). Let p = z + 22. What is the tens digit of p?
1
Let o(m) = -10*m - 10. Let v be o(12). Let p = v + 227. Suppose -2*u - 17 = -p. What is the tens digit of u?
4
Let t(s) = -16*s**3 + 4*s - 9. Let z be t(3). What is the hundreds digit of (z/3 + 0)/(-1 - 0)?
1
Let k(b) = -b**3 + 4*b**2 - b - 2. Let i be k(2). Let w = 157 - 154. Suppose -16 = 8*l - i*l, 4*p - 168 = w*l. What is the units digit of p?
9
Suppose -5*a - 4*j + j = -7, -4*a + 2*j - 12 = 0. Let c be (-4)/4*(a - 26). Suppose -6*b = -57 - c. What is the units digit of b?
4
Suppose -9400 = -7*h + 988. What is the tens digit of h?
8
Let t(o) = -11 + 25 + 5*o - 4*o - o**2 + 11*o. Let i(g) = g**3 + 4*g**2 - 3*g - 2. Let p be i(-4). What is the units digit of t(p)?
4
Let u(q) = 24*q**2 - 5*q + 3. What is the units digit of u(-5)?
8
Let j be (-3)/(3 + 0) + -228. Let m = j + 393. What is the units digit of m?
4
Let i be 3*2*(-20)/40. What is the tens digit of i/(-1 + -5 + 3)*75?
7
Let g be 1105/(-20) + (-1)/(-4). What is the tens digit of g*(0 + (0 - 1))?
5
Let g = -51 + 191. Suppose 4*h = -j - 104, 0 = -5*j + 3*h - 660 + g. Let n = -68 - j. What is the tens digit of n?
3
Suppose c + 2*f = -4*c + 70, f = -5*c + 70. Let t(s) = -s + 24. Let j be t(c). Suppose 1 = k, 3*i + 4*k - j = 48. What is the units digit of i?
8
Let y(d) = d**3 + 4*d**2 - d - 3. Let q be y(-4). What is the units digit of (q/3)/(3/387)?
3
Suppose -4*r = 3*i + 11, -4*i + i + 19 = -2*r. Suppose 3*m - 566 = -n, i*m + n - 562 = 2*n. What is the tens digit of m?
8
Let b = 16 + -11. Suppose 3*n - 5 = 7*n - 5*j, 3*n - b*j + 10 = 0. Let c = 13 - n. What is the units digit of c?
8
Let g(x) = -x**2 + 9*x - 12. Let y be g(9). What is the units digit of (-7)/((-21)/y) + 69?
5
Let k(w) = 5*w**3 - w + 4. What is the units digit of k(2)?
2
Let c be -2*6/(-4)*(-274)/(-3). Let g = c + -101. What is the units digit of g?
3
Suppose -2*c - 96 = -48. What is the units digit of 2022/14 + c/56?
4
Suppose -4*g = x - 6*x - 747, -562 = -3*g + 2*x. What is the tens digit of g?
8
Let g(d) = d**2 - 2*d. Let y be g(4). Suppose -5*v = -y*v + 120. What is the tens digit of (34/8)/(5/v)?
3
Suppose -4*b - 2 = -46. Let n = -9 + b. What is the units digit of ((-8)/12)/(n/(-15))?
5
Suppose 0 = 7*f - 238 - 784. What is the tens digit of f?
4
Let w = 5 - 0. Suppose -s = -1 - 4, -3*s = -w*a + 60. What is the units digit of (a/6)/((-4)/(-8))?
5
Let d(t) be the first derivative of t**4/12 + t**3/2 + 5*t**2/2 - 2*t + 3. Let r(n) be the first derivative of d(n). What is the units digit of r(-3)?
5
Suppose 4*h + 5474 = f, -12*f + 4*h - 5482 = -13*f. What is the thousands digit of f?
5
Let d(s) = s**3 + 6*s**2 - 7*s. What is the tens digit of d(-5)?
6
Suppose 10 = -x - 4*x. Let p(q) = -q - 2. Let l be p(7). What is the tens digit of (-270)/l - (1 - x)?
2
Let o be (-1)/((4/(-1))/364). Let t = o - 40. What is the units digit of t?
1
What is the units digit of -1 - (-4029 + 7) - (0 - 1)?
2
Let q = -108 + 116. What is the units digit of q?
8
Let n = 16 - -30. Let l = 54 - n. What is the units digit of l?
8
Let h(l) = -2*l**2 - 3*l - 5. Let w be h(-2). Let u(x) = -x**3 - 6*x**2 + 3*x - 5. What is the tens digit of u(w)?
2
Let j(v) = -5*v**3 - 4*v**2 - 3. Let a(m) = -m**3 + m - 1. Let f(r) = 6*a(r) - j(r). What is the units digit of f(5)?
2
Let t = 4947 + -2392. What is the tens digit of t?
5
Suppose 4726 - 546 = 4*a. What is the units digit of 1/3 + 0 - a/(-15)?
0
What is the tens digit of ((-36)/9)/((-24)/7638)?
7
Let a(s) = -4*s**2 + 7*s + 15. Let g be a(-7). What is the tens digit of (-1)/(925/g + 4)?
4
Let u(h) be the third derivative of h**4/24 + 4*h**3/3 - 5*h**2. Let a be u(-13). What is the units digit of (-22)/(-5) - (-2)/a?
4
Let h = 8 - 5. Suppose 2*x = x + 5. Suppose -2*j + x = h. What is the units digit of j?
1
Let o be (-1 - (-6)/4)*20. Suppose -o*t - 333 = -13*t. Let j = t - 76. What is the tens digit of j?
3
Let q(c) = c - 13. Let n be q(10). Let u = 55 + n. What is the tens digit of u?
5
Let a be 10/(-35) + (-1922)/(-14). Let z = -64 + a. What is the units digit of z?
3
Let g be ((-35)/(-10))/((-1)/(-10)). Let d(i) = i**3 - 2*i + 16. Let u be d(0). Suppose 3*v - u - g = 0. What is the units digit of v?
7
Let n(t) = -18*t + 1. Suppose -3*o = 0, -3*o - 10 = 5*y - 6*o. What is the tens digit of n(y)?
3
Let q = 40 + 205. Suppose 5*b = q + 280. Suppose 8*w - b = 3*w. What is the units digit of w?
1
Let t(u) be the second derivative of -u + 6*u**2 - 1/12*u**4 + 0 + 5/3*u**3. What is the units digit of t(9)?
1
Let m(c) = c**3 + 1. Let z be m(6). Let a = 352 - z. What is the tens digit of a?
3
Suppose 7*q - q = 0. Suppose q = 5*n + n - 552. What is the units digit of n?
2
Let s(b) = 4*b**2 - 10*b + 29. What is the units digit of s(7)?
5
Let x = -175 + 364. What is the tens digit of x?
8
Suppose 15*o - 57452 = -2672. What is the units digit of o?
2
Suppose 3*c = c + 6. Suppose c*y = 2046 - 261. What is the tens digit of 1/(-4) - y/(-28)?
2
Let y = -16 - -19. Suppose -4*m + p = 51, m - y*p = -0*m - 10. What is the units digit of 864/39 + 2/m?
2
Let g(f) be the first derivative of f**4/4 + 13*f**3/3 + 7*f**2/2 - 12*f - 108. Suppose -3*a - 24 = -a. What is the units digit of g(a)?
8
Suppose 0*b = 9*b - 5544. What is the hundreds digit of b?
6
Suppose 11*g - 10*g - 67 = 0. Let c = 280 - g. What is the hundreds digit of c?
2
Let k(h) = 2*h**2 + h - 9. Let r(u) = -u**2 + 5*u - 1. Let c be r(4). Suppose -c*l + 4 = -2*l. What is the units digit of k(l)?
7
What is the tens digit of ((-469)/(-4))/(16/64)?
6
Let u(i) = -4*i - 14. Let z be u(6). Let k = 95 + z. What is the tens digit of k?
5
Let i = 3922 - 1701. What is the tens digit of i?
2
Let g = -17 + 21. Let h(q) = 2*q**2 - 5*q + g + 4*q**2 + 10*q. What is the units digit of h(-3)?
3
Let y be 6/(-14) - 30254/(-49). Let f = -148 + y. Suppose 0 = 3*u + 4*u - f. What is the tens digit of u?
6
Let d = -3038 + 6916. 